 25 and 541?
1
Calculate the greatest common factor of 152056 and 44884.
916
Calculate the highest common divisor of 13 and 28.
1
Calculate the highest common divisor of 1863 and 17802.
207
What is the greatest common divisor of 21 and 41376?
3
Calculate the highest common divisor of 1940 and 74205.
485
What is the greatest common factor of 19159 and 147?
49
What is the greatest common factor of 17 and 3669994?
17
Calculate the greatest common divisor of 17 and 146557.
17
What is the highest common factor of 856192 and 12?
4
What is the greatest common factor of 582 and 47530?
194
Calculate the highest common factor of 269294 and 290.
58
What is the highest common factor of 301 and 161164?
43
Calculate the highest common factor of 23970 and 2040.
510
Calculate the greatest common divisor of 67887 and 684.
171
Calculate the highest common divisor of 27 and 84339.
9
What is the greatest common divisor of 12 and 209240?
4
Calculate the highest common divisor of 13925 and 725.
25
Calculate the highest common divisor of 32832 and 16720.
304
What is the greatest common divisor of 9870 and 30315?
705
What is the highest common divisor of 644020 and 312?
52
What is the greatest common factor of 126 and 91602?
126
What is the greatest common divisor of 492 and 9184?
164
What is the highest common divisor of 6778095 and 15?
15
Calculate the highest common divisor of 240 and 1005.
15
Calculate the highest common divisor of 444 and 1505937.
111
Calculate the highest common divisor of 1075 and 574265.
215
Calculate the highest common divisor of 216 and 1024596.
108
Calculate the highest common factor of 630 and 398853.
63
Calculate the highest common factor of 714 and 15504.
102
Calculate the highest common divisor of 1909792 and 48.
16
What is the highest common divisor of 4856 and 1113238?
1214
Calculate the greatest common factor of 54735 and 369.
123
Calculate the highest common divisor of 5712 and 1204.
28
What is the greatest common factor of 113 and 907842?
113
What is the greatest common factor of 579762 and 837?
279
What is the highest common factor of 329634 and 126?
18
Calculate the highest common factor of 5261275 and 1838.
919
Calculate the highest common divisor of 612 and 1054476.
612
What is the highest common divisor of 105033 and 942?
471
Calculate the highest common divisor of 17789 and 13.
1
What is the highest common divisor of 366 and 75274?
122
Calculate the greatest common factor of 404 and 4749828.
404
Calculate the greatest common divisor of 6608248 and 6684.
2228
What is the greatest common divisor of 170 and 3843785?
85
What is the highest common factor of 178194 and 51?
51
What is the greatest common factor of 216888 and 168?
168
What is the greatest common divisor of 40 and 431980?
20
What is the greatest common factor of 70714 and 210?
14
Calculate the greatest common factor of 21 and 521486.
7
Calculate the greatest common divisor of 1206450 and 210.
210
What is the highest common factor of 22057 and 2603?
137
What is the greatest common divisor of 4796 and 272173?
1199
What is the greatest common divisor of 14191 and 202376?
617
What is the greatest common divisor of 5 and 609530?
5
What is the greatest common divisor of 2626 and 7358?
26
What is the highest common divisor of 760 and 56392?
152
What is the greatest common divisor of 50535 and 315?
45
Calculate the highest common factor of 276 and 1156440.
276
What is the highest common factor of 123 and 42681?
123
What is the greatest common divisor of 11254 and 3910?
34
What is the highest common divisor of 14544 and 1206?
18
What is the highest common factor of 40 and 1271170?
10
Calculate the greatest common divisor of 353191 and 4408.
551
What is the greatest common divisor of 60508 and 140?
28
What is the highest common factor of 102966 and 24366?
786
Calculate the greatest common factor of 5744 and 400.
16
What is the greatest common divisor of 384 and 14064?
48
What is the highest common divisor of 361 and 61883?
19
What is the greatest common factor of 201 and 1989029?
67
Calculate the highest common factor of 210828 and 48.
12
Calculate the highest common factor of 41 and 523283.
41
Calculate the greatest common divisor of 22660 and 206.
206
Calculate the greatest common factor of 470 and 101780.
10
What is the highest common divisor of 3200 and 7872?
64
Calculate the highest common factor of 13 and 318253.
13
What is the greatest common divisor of 226 and 70851?
113
Calculate the highest common factor of 876 and 1524.
12
Calculate the highest common factor of 1 and 234128.
1
What is the highest common divisor of 32615 and 6985?
55
Calculate the greatest common factor of 2995 and 540.
5
What is the greatest common divisor of 42771 and 1272?
159
What is the greatest common factor of 264 and 643797?
33
What is the greatest common divisor of 118012 and 2?
2
Calculate the greatest common factor of 304386 and 1746.
582
Calculate the highest common divisor of 155 and 592131.
31
What is the greatest common factor of 9534 and 5460?
42
What is the highest common factor of 162 and 1005156?
54
Calculate the greatest common factor of 26883 and 8091.
261
What is the greatest common factor of 6299764 and 872?
436
What is the greatest common divisor of 100394 and 213?
71
Calculate the greatest common divisor of 787540 and 180.
20
What is the greatest common divisor of 141 and 1714137?
141
Calculate the highest common divisor of 397068 and 6683.
163
Calculate the greatest common divisor of 26038 and 4432.
554
What is the greatest common factor of 3104 and 107670?
194
What is the greatest common divisor of 2 and 989462?
2
What is the highest common factor of 81 and 119?
1
Calculate the highest common factor of 13615 and 50959.
389
Calculate the highest common divisor of 33 and 340021.
11
Calculate the greatest common factor of 172 and 6966.
86
Calculate the highest common factor of 756 and 21189.
21
Calculate the greatest common divisor of 10 and 5710.
10
Calculate the highest common factor of 6955596 and 684.
684
Calculate the greatest common divisor of 3476 and 2772.
44
What is the greatest common divisor of 72560 and 240?
80
What is the highest common divisor of 2205 and 22029?
21
Calculate the greatest common factor of 1306 and 191329.
653
What is the greatest common factor of 1850923 and 2318?
1159
Calculate the greatest common factor of 9 and 88403.
1
Calculate the greatest common divisor of 11644 and 3772.
164
Calculate the highest common factor of 45632 and 207552.
1472
Calculate the highest common factor of 4768 and 5232.
16
What is the greatest common divisor of 17 and 117487?
17
What is the greatest common factor of 14 and 87944?
2
Calculate the highest common factor of 4 and 37442.
2
What is the greatest common factor of 102806 and 11?
11
What is the highest common factor of 54646 and 890?
178
Calculate the greatest common divisor of 17950 and 25.
25
Calculate the highest common divisor of 15 and 28335.
15
Calculate the greatest common divisor of 72 and 3367512.
72
Calculate the greatest common divisor of 41 and 1729913.
41
What is the highest common factor of 1200 and 42530?
10
Calculate the greatest common factor of 15 and 173725.
5
Calculate the greatest common factor of 4437 and 7627.
29
What is the highest common divisor of 292116 and 242?
22
What is the greatest common divisor of 30 and 828408?
6
Calculate the greatest common divisor of 224 and 100898.
14
What is the greatest common factor of 5 and 91705?
5
Calculate the greatest common divisor of 412896 and 561.
561
Calculate the highest common divisor of 1273 and 132031.
19
Calculate the highest common divisor of 462 and 6258.
42
Calculate the highest common divisor of 572 and 12246.
26
What is the greatest common divisor of 1548442 and 14?
14
What is the highest common divisor of 531 and 4428?
9
What is the highest common factor of 696 and 30528?
24
Calculate the greatest common factor of 1208 and 203548.
604
Calculate the greatest common factor of 7790 and 95.
95
What is the highest common factor of 606 and 606?
606
What is the greatest common divisor of 19698 and 52662?
402
What is the greatest common factor of 2310 and 2370?
30
What is the highest common factor of 3399872 and 448?
448
What is the highes